 the ten thousands digit of 566072?
6
What is the hundreds digit of 52983?
9
What is the thousands digit of 240942?
0
What is the tens digit of 239544?
4
What is the units digit of 695018?
8
What is the thousands digit of 131207?
1
What is the tens digit of 364384?
8
What is the ten thousands digit of 12661994?
6
What is the millions digit of 1574760?
1
What is the ten thousands digit of 977254?
7
What is the thousands digit of 904774?
4
What is the units digit of 259071?
1
What is the ten thousands digit of 1548601?
4
What is the hundreds digit of 98407?
4
What is the ten thousands digit of 1050396?
5
What is the millions digit of 1320928?
1
What is the ten thousands digit of 316887?
1
What is the hundred thousands digit of 569184?
5
What is the hundreds digit of 2594354?
3
What is the tens digit of 8521226?
2
What is the tens digit of 2020387?
8
What is the units digit of 441745?
5
What is the hundreds digit of 475687?
6
What is the ten thousands digit of 2740241?
4
What is the units digit of 495515?
5
What is the hundreds digit of 63671?
6
What is the thousands digit of 76880?
6
What is the ten thousands digit of 1608818?
0
What is the thousands digit of 1012438?
2
What is the ten thousands digit of 21962307?
6
What is the hundred thousands digit of 130668?
1
What is the units digit of 62383?
3
What is the ten thousands digit of 7892674?
9
What is the ten thousands digit of 392649?
9
What is the units digit of 6062606?
6
What is the hundred thousands digit of 677998?
6
What is the tens digit of 180919?
1
What is the thousands digit of 829189?
9
What is the units digit of 904947?
7
What is the hundred thousands digit of 196379?
1
What is the hundreds digit of 2818188?
1
What is the millions digit of 4066800?
4
What is the ten thousands digit of 31744476?
4
What is the ten thousands digit of 1139472?
3
What is the ten thousands digit of 5828237?
2
What is the tens digit of 414557?
5
What is the units digit of 7570973?
3
What is the hundred thousands digit of 585748?
5
What is the units digit of 13512?
2
What is the units digit of 30301772?
2
What is the ten thousands digit of 1154012?
5
What is the thousands digit of 3394629?
4
What is the ten thousands digit of 34040553?
4
What is the hundreds digit of 1025378?
3
What is the units digit of 1334239?
9
What is the thousands digit of 216554?
6
What is the hundreds digit of 678750?
7
What is the units digit of 297104?
4
What is the hundred thousands digit of 3854473?
8
What is the hundred thousands digit of 7479249?
4
What is the hundred thousands digit of 1582912?
5
What is the thousands digit of 171270?
1
What is the ten thousands digit of 1809460?
0
What is the millions digit of 1366296?
1
What is the hundreds digit of 168407?
4
What is the units digit of 68613?
3
What is the hundreds digit of 6198375?
3
What is the units digit of 14242332?
2
What is the millions digit of 1101979?
1
What is the tens digit of 159168?
6
What is the tens digit of 237191?
9
What is the tens digit of 7913267?
6
What is the units digit of 4292869?
9
What is the tens digit of 21661162?
6
What is the hundreds digit of 9176674?
6
What is the thousands digit of 280823?
0
What is the units digit of 4300935?
5
What is the hundred thousands digit of 8412734?
4
What is the units digit of 370484?
4
What is the units digit of 388160?
0
What is the hundred thousands digit of 22440543?
4
What is the hundred thousands digit of 119632?
1
What is the hundreds digit of 90819?
8
What is the ten thousands digit of 292789?
9
What is the millions digit of 9104584?
9
What is the hundreds digit of 21363?
3
What is the thousands digit of 5408?
5
What is the thousands digit of 4812977?
2
What is the units digit of 3907129?
9
What is the thousands digit of 55829?
5
What is the hundred thousands digit of 14518047?
5
What is the ten thousands digit of 769543?
6
What is the millions digit of 9270416?
9
What is the hundred thousands digit of 1138017?
1
What is the hundreds digit of 901773?
7
What is the millions digit of 1788861?
1
What is the ten millions digit of 25181549?
2
What is the thousands digit of 3058916?
8
What is the thousands digit of 72080?
2
What is the millions digit of 8936216?
8
What is the ten thousands digit of 27980085?
8
What is the units digit of 7060564?
4
What is the hundreds digit of 21798928?
9
What is the hundreds digit of 1541841?
8
What is the tens digit of 19562787?
8
What is the thousands digit of 48535?
8
What is the units digit of 1880760?
0
What is the thousands digit of 398255?
8
What is the ten thousands digit of 13846485?
4
What is the thousands digit of 938975?
8
What is the tens digit of 417916?
1
What is the millions digit of 10266833?
0
What is the hundred thousands digit of 3191371?
1
What is the millions digit of 3499185?
3
What is the units digit of 17670072?
2
What is the tens digit of 5255643?
4
What is the hundred thousands digit of 422048?
4
What is the hundreds digit of 61191?
1
What is the thousands digit of 322854?
2
What is the hundreds digit of 26353419?
4
What is the units digit of 43111?
1
What is the hundred thousands digit of 6529975?
5
What is the units digit of 1085263?
3
What is the units digit of 180952?
2
What is the hundreds digit of 16822595?
5
What is the millions digit of 2732658?
2
What is the thousands digit of 3266173?
6
What is the ten thousands digit of 296605?
9
What is the units digit of 13287193?
3
What is the millions digit of 1851311?
1
What is the tens digit of 2057206?
0
What is the ten thousands digit of 40501?
4
What is the ten thousands digit of 55549?
5
What is the tens digit of 2333690?
9
What is the tens digit of 1959647?
4
What is the units digit of 7777600?
0
What is the units digit of 12938187?
7
What is the units digit of 671607?
7
What is the ten thousands digit of 397199?
9
What is the units digit of 269678?
8
What is the ten thousands digit of 173745?
7
What is the thousands digit of 196181?
6
What is the hundred thousands digit of 1323386?
3
What is the thousands digit of 281392?
1
What is the tens digit of 303093?
9
What is the tens digit of 16336330?
3
What is the units digit of 211009?
9
What is the hundreds digit of 6680246?
2
What is the hundreds digit of 8679516?
5
What is the hundreds digit of 3775895?
8
What is the tens digit of 13714267?
6
What is the hundreds digit of 517995?
9
What is the ten thousands digit of 134337?
3
What is the thousands digit of 10435?
0
What is the thousands digit of 108674?
8
What is the thousands digit of 7420355?
0
What is the thousands digit of 493664?
3
What is the ten thousands digit of 14460079?
6
What is the units digit of 2990127?
7
What is the units digit of 844471?
1
What is the hundreds digit of 48104?
1
What is the thousands digit of 12400?
2
What is the thousands digit of 581404?
1
What is the ten thousands digit of 437326?
3
What is the millions digit of 2703455?
2
What is the hundreds digit of 580902?
9
What is the thousands digit of 2503235?
3
What is the tens digit of 139977?
7
What is the tens digit of 224577?
7
What is the hundreds digit of 6750676?
6
What is the millions digit of 2841958?
2
What is the thousands digit of 310488?
0
What is the hundreds digit of 1647274?
2
What is the tens digit of 234471?
7
What is the hundred thousands digit of 9377588?
3
What is the ten thousands digit of 220608?
2
What is the hundreds digit of 1251451?
4
What is the thousands digit of 7237712?
7
What is the thousands digit of 1030908?
0
What is the hundreds digit of 688775?
7
What is the hundreds digit of 170698?
6
What is the hundred thousands digit of 229554?
2
What is the ten thousands digit of 506264?
0
What is the hundreds digit of 214610?
6
What is the tens digit of 458888?
8
What is the units digit of 1464201?
1
What is the ten thousands digit of 464881?
6
What is the ten thousands digit of 463178?
6
What is the tens digit of 247337?
3
What is the hundreds digit of 197963?
9
What is the units digit of 84926?
6
What is the thousands digit of 1069366?
9
What is the units digit of 40930?
0
What is the tens digit of 107339?
3
What is the ten thousands digit of 2393170?
9
What is the hundred thousands digit of 169502?
1
What is the thousands digit of 498995?
8
What is the ten thousands digit of 25847557?